{"id":4488,"date":"2025-01-08T12:29:22","date_gmt":"2025-01-08T12:29:22","guid":{"rendered":"https:\/\/braincair.com\/?page_id=4488"},"modified":"2025-08-31T21:48:43","modified_gmt":"2025-08-31T21:48:43","slug":"inscription-groupes","status":"publish","type":"page","link":"https:\/\/braincair.com\/index.php\/inscription-groupes\/","title":{"rendered":"Inscription groupes"},"content":{"rendered":"<p>[vc_row content_text_alignment=&#8221;center&#8221;][vc_column][vc_column_text]<\/p>\n<p style=\"text-align: center;\">Merci de votre int\u00e9r\u00eat pour nos ateliers et programmes collectifs !<\/p>\n<p style=\"text-align: center;\">Ce formulaire vous permettra de :<\/p>\n<ul style=\"text-align: center;\">\n<li><strong>Vous inscrire, d&#8217;inscrire un enfant, un adolescent ou un parent<\/strong> \u00e0 l&#8217;un de nos ateliers.<\/li>\n<li><strong>Exprimer vos besoins et attentes<\/strong> pour nous aider \u00e0 adapter au mieux nos accompagnements.<\/li>\n<li><strong>Planifier un premier contact gratuit<\/strong> pour \u00e9valuer ensemble la prise en charge la plus adapt\u00e9e.<\/li>\n<\/ul>\n<p>&nbsp;<\/p>\n<p style=\"text-align: center;\">Nous vous invitons \u00e0 remplir toutes les informations demand\u00e9es avec soin afin d&#8217;assurer votre inscription.<\/p>\n<p>&nbsp;<\/p>\n<p style=\"text-align: center;\">\ud83d\udccc <strong>Note importante :<\/strong> Votre inscription sera confirm\u00e9e par email apr\u00e8s validation par nos \u00e9quipes.<\/p>\n<p style=\"text-align: center;\">Pour toute questions, n\u2019h\u00e9sitez pas \u00e0 nous contacter \u00e0 <a href=\"mailto:info@braincair.com\"><strong>info@braincair.com<\/strong><\/a> ou au <a href=\"tel:+32472572204\"><strong>0472 57 22 04<\/strong><\/a>.<\/p>\n<p>&nbsp;<\/p>\n<p style=\"text-align: center;\">Nous avons h\u00e2te de vous accueillir et de partager cette exp\u00e9rience enrichissante avec vous !<\/p>\n<p>&nbsp;<\/p>\n<h3 style=\"text-align: center;\">Vous cherchez la liste compl\u00e8te de nos ateliers ? cliquez <strong><span style=\"text-decoration: underline;\"><a href=\"https:\/\/braincair.com\/index.php\/ateliers-et-programmes-de-groupe\/\">ici<\/a><\/span><\/strong> !<\/h3>\n<p>[\/vc_column_text][vc_empty_space]\n<div class=\"wpcf7 no-js\" id=\"wpcf7-f139-o1\" lang=\"en-US\" dir=\"ltr\" data-wpcf7-id=\"139\">\n<div class=\"screen-reader-response\"><p role=\"status\" aria-live=\"polite\" aria-atomic=\"true\"><\/p> <ul><\/ul><\/div>\n<form action=\"\/index.php\/wp-json\/wp\/v2\/pages\/4488#wpcf7-f139-o1\" method=\"post\" class=\"wpcf7-form init\" aria-label=\"Contact form\" novalidate=\"novalidate\" data-status=\"init\">\n<fieldset class=\"hidden-fields-container\"><input type=\"hidden\" name=\"_wpcf7\" value=\"139\" \/><input type=\"hidden\" name=\"_wpcf7_version\" value=\"6.1.5\" \/><input type=\"hidden\" name=\"_wpcf7_locale\" value=\"en_US\" \/><input type=\"hidden\" name=\"_wpcf7_unit_tag\" value=\"wpcf7-f139-o1\" \/><input type=\"hidden\" name=\"_wpcf7_container_post\" value=\"0\" \/><input type=\"hidden\" name=\"_wpcf7_posted_data_hash\" value=\"\" \/>\n<\/fieldset>\n<div class=\"qodef-contat-form-form-3 qodef-cf7-custom-fields-bg qodef-cf7-custom-no-margin\">\n\t<div class=\"qodef-grid qodef-layout--columns qodef-col-num--2 qodef-gutter--tiny\">\n\t\t<div class=\"qodef-grid-inner\">\n\t\t\t<div class=\"qodef-grid-item\">\n\t\t\t\t<div class=\"qodef-col-num--6\">\n\t\t\t\t\t<p><span class=\"wpcf7-form-control-wrap\" data-name=\"your-name\"><input size=\"40\" maxlength=\"400\" class=\"wpcf7-form-control wpcf7-text wpcf7-validates-as-required\" aria-required=\"true\" aria-invalid=\"false\" placeholder=\"Nom*\" value=\"\" type=\"text\" name=\"your-name\" \/><\/span>\n\t\t\t\t\t<\/p>\n\t\t\t\t<\/div>\n\t\t\t<\/div>\n\t\t\t<div class=\"qodef-grid-item\">\n\t\t\t\t<div class=\"qodef-col-num--6\">\n\t\t\t\t\t<p><span class=\"wpcf7-form-control-wrap\" data-name=\"your-firstname\"><input size=\"40\" maxlength=\"400\" class=\"wpcf7-form-control wpcf7-text wpcf7-validates-as-required\" aria-required=\"true\" aria-invalid=\"false\" placeholder=\"Pr\u00e9nom*\" value=\"\" type=\"text\" name=\"your-firstname\" \/><\/span>\n\t\t\t\t\t<\/p>\n\t\t\t\t<\/div>\n\t\t\t<\/div>\n\t\t\t<div class=\"qodef-grid-item\">\n\t\t\t\t<div class=\"qodef-col-num--6\">\n\t\t\t\t\t<p><span class=\"wpcf7-form-control-wrap\" data-name=\"your-date\"><input size=\"40\" maxlength=\"400\" class=\"wpcf7-form-control wpcf7-text wpcf7-validates-as-required\" aria-required=\"true\" aria-invalid=\"false\" placeholder=\"Date de naissance*\" value=\"\" type=\"text\" name=\"your-date\" \/><\/span>\n\t\t\t\t\t<\/p>\n\t\t\t\t<\/div>\n\t\t\t<\/div>\n\t\t\t<div class=\"qodef-grid-item\">\n\t\t\t\t<div class=\"qodef-col-num--6\">\n\t\t\t\t\t<p><span class=\"wpcf7-form-control-wrap\" data-name=\"your-niss\"><input size=\"40\" maxlength=\"400\" class=\"wpcf7-form-control wpcf7-text wpcf7-validates-as-required\" aria-required=\"true\" aria-invalid=\"false\" placeholder=\"Num\u00e9ro de registre national*\" value=\"\" type=\"text\" name=\"your-niss\" \/><\/span>\n\t\t\t\t\t<\/p>\n\t\t\t\t<\/div>\n\t\t\t<\/div>\n\t\t\t<div class=\"qodef-grid-item\">\n\t\t\t\t<div class=\"qodef-col-num--6\">\n\t\t\t\t\t<p><span class=\"wpcf7-form-control-wrap\" data-name=\"tel-414\"><input size=\"40\" maxlength=\"400\" class=\"wpcf7-form-control wpcf7-tel wpcf7-validates-as-required wpcf7-text wpcf7-validates-as-tel\" aria-required=\"true\" aria-invalid=\"false\" placeholder=\"Num\u00e9ro de t\u00e9l\u00e9phone*\" value=\"\" type=\"tel\" name=\"tel-414\" \/><\/span>\n\t\t\t\t\t<\/p>\n\t\t\t\t<\/div>\n\t\t\t<\/div>\n\t\t\t<div class=\"qodef-grid-item\">\n\t\t\t\t<div class=\"qodef-col-num--6\">\n\t\t\t\t\t<p><span class=\"wpcf7-form-control-wrap\" data-name=\"your-email\"><input size=\"40\" maxlength=\"400\" class=\"wpcf7-form-control wpcf7-email wpcf7-validates-as-required wpcf7-text wpcf7-validates-as-email\" aria-required=\"true\" aria-invalid=\"false\" placeholder=\"E-mail*\" value=\"\" type=\"email\" name=\"your-email\" \/><\/span>\n\t\t\t\t\t<\/p>\n\t\t\t\t<\/div>\n\t\t\t<\/div>\n\t\t\t<div class=\"qodef-grid-item\">\n\t\t\t\t<div class=\"qodef-col-num--6 qodef-select-change\">\n\t\t\t\t\t<p><span class=\"wpcf7-form-control-wrap\" data-name=\"menu-162\"><select class=\"wpcf7-form-control wpcf7-select\" aria-invalid=\"false\" name=\"menu-162\"><option value=\"---\">---<\/option><option value=\"Je d\u00e9veloppe mon autonomie\">Je d\u00e9veloppe mon autonomie<\/option><option value=\"Capitaines du calme\">Capitaines du calme<\/option><option value=\"Accompagner l&#039;autonomie de son enfant\">Accompagner l&#039;autonomie de son enfant<\/option><option value=\"Activit\u00e9 physique et sant\u00e9 mentale\">Activit\u00e9 physique et sant\u00e9 mentale<\/option><option value=\"Bien vivre au travail\">Bien vivre au travail<\/option><option value=\"Entreprenariat et bien-\u00eatre\">Entreprenariat et bien-\u00eatre<\/option><option value=\"Mise en place d&#039;habitudes saines\">Mise en place d&#039;habitudes saines<\/option><option value=\"Pr\u00e9vention du burn-out\">Pr\u00e9vention du burn-out<\/option><option value=\"Pr\u00e9vention du burn-out enseignant\">Pr\u00e9vention du burn-out enseignant<\/option><option value=\"Autres\">Autres<\/option><\/select><\/span>\n\t\t\t\t\t<\/p>\n\t\t\t\t<\/div>\n\t\t\t<\/div>\n\t\t<\/div>\n\t<\/div>\n\t<p><span class=\"wpcf7-form-control-wrap\" data-name=\"your-message\"><textarea cols=\"40\" rows=\"6\" maxlength=\"2000\" class=\"wpcf7-form-control wpcf7-textarea\" aria-invalid=\"false\" placeholder=\"Votre message\" name=\"your-message\"><\/textarea><\/span>\n\t<\/p>\n\t<p><button class=\"wpcf7-form-control wpcf7-submit qodef-button qodef-size--normal qodef-type--filled qodef-m\" type=\"submit\"><span class=\"qodef-m-text\">Soumettre<\/span><\/button>\n\t<\/p>\n<\/div><div class=\"wpcf7-response-output\" aria-hidden=\"true\"><\/div>\n<\/form>\n<\/div>\n[vc_empty_space][\/vc_column][\/vc_row]<\/p>\n","protected":false},"excerpt":{"rendered":"<p>[vc_row content_text_alignment=&#8221;center&#8221;][vc_column][vc_column_text] Merci de votre int\u00e9r\u00eat pour nos ateliers et programmes collectifs ! Ce formulaire vous permettra de : Vous inscrire, d&#8217;inscrire un enfant, un adolescent ou un parent \u00e0 l&#8217;un de nos ateliers. Exprimer vos besoins et attentes pour nous aider \u00e0 adapter au mieux nos accompagnements. Planifier un premier contact gratuit pour \u00e9valuer [&hellip;]<\/p>\n","protected":false},"author":2,"featured_media":0,"parent":0,"menu_order":0,"comment_status":"closed","ping_status":"closed","template":"","meta":{"footnotes":""},"class_list":["post-4488","page","type-page","status-publish","hentry"],"yoast_head":"<!-- This site is optimized with the Yoast SEO plugin v24.4 - https:\/\/yoast.com\/wordpress\/plugins\/seo\/ -->\n<title>Inscription aux ateliers de groupe - BrainCair Bruxelles<\/title>\n<meta name=\"robots\" content=\"index, follow, max-snippet:-1, max-image-preview:large, max-video-preview:-1\" \/>\n<link rel=\"canonical\" href=\"https:\/\/braincair.com\/index.php\/inscription-groupes\/\" \/>\n<meta property=\"og:locale\" content=\"en_US\" \/>\n<meta property=\"og:type\" content=\"article\" \/>\n<meta property=\"og:title\" content=\"Inscription aux ateliers de groupe - BrainCair Bruxelles\" \/>\n<meta property=\"og:description\" content=\"[vc_row content_text_alignment=&#8221;center&#8221;][vc_column][vc_column_text] Merci de votre int\u00e9r\u00eat pour nos ateliers et programmes collectifs ! Ce formulaire vous permettra de : Vous inscrire, d&#8217;inscrire un enfant, un adolescent ou un parent \u00e0 l&#8217;un de nos ateliers. Exprimer vos besoins et attentes pour nous aider \u00e0 adapter au mieux nos accompagnements. Planifier un premier contact gratuit pour \u00e9valuer [&hellip;]\" \/>\n<meta property=\"og:url\" content=\"https:\/\/braincair.com\/index.php\/inscription-groupes\/\" \/>\n<meta property=\"og:site_name\" content=\"BrainCair\" \/>\n<meta property=\"article:publisher\" content=\"https:\/\/www.facebook.com\/profile.php?id=61551929916385\" \/>\n<meta property=\"article:modified_time\" content=\"2025-08-31T21:48:43+00:00\" \/>\n<meta name=\"twitter:card\" content=\"summary_large_image\" \/>\n<meta name=\"twitter:label1\" content=\"Est. reading time\" \/>\n\t<meta name=\"twitter:data1\" content=\"1 minute\" \/>\n<script type=\"application\/ld+json\" class=\"yoast-schema-graph\">{\"@context\":\"https:\/\/schema.org\",\"@graph\":[{\"@type\":\"WebPage\",\"@id\":\"https:\/\/braincair.com\/index.php\/inscription-groupes\/\",\"url\":\"https:\/\/braincair.com\/index.php\/inscription-groupes\/\",\"name\":\"Inscription aux ateliers de groupe - BrainCair Bruxelles\",\"isPartOf\":{\"@id\":\"https:\/\/braincair.com\/#website\"},\"datePublished\":\"2025-01-08T12:29:22+00:00\",\"dateModified\":\"2025-08-31T21:48:43+00:00\",\"breadcrumb\":{\"@id\":\"https:\/\/braincair.com\/index.php\/inscription-groupes\/#breadcrumb\"},\"inLanguage\":\"en-US\",\"potentialAction\":[{\"@type\":\"ReadAction\",\"target\":[\"https:\/\/braincair.com\/index.php\/inscription-groupes\/\"]}]},{\"@type\":\"BreadcrumbList\",\"@id\":\"https:\/\/braincair.com\/index.php\/inscription-groupes\/#breadcrumb\",\"itemListElement\":[{\"@type\":\"ListItem\",\"position\":1,\"name\":\"Home\",\"item\":\"https:\/\/braincair.com\/\"},{\"@type\":\"ListItem\",\"position\":2,\"name\":\"Inscription groupes\"}]},{\"@type\":\"WebSite\",\"@id\":\"https:\/\/braincair.com\/#website\",\"url\":\"https:\/\/braincair.com\/\",\"name\":\"BrainCair\",\"description\":\"Du myst\u00e8re de l&#039;esprit \u00e0 la maitrise de la vie\",\"publisher\":{\"@id\":\"https:\/\/braincair.com\/#organization\"},\"potentialAction\":[{\"@type\":\"SearchAction\",\"target\":{\"@type\":\"EntryPoint\",\"urlTemplate\":\"https:\/\/braincair.com\/?s={search_term_string}\"},\"query-input\":{\"@type\":\"PropertyValueSpecification\",\"valueRequired\":true,\"valueName\":\"search_term_string\"}}],\"inLanguage\":\"en-US\"},{\"@type\":\"Organization\",\"@id\":\"https:\/\/braincair.com\/#organization\",\"name\":\"BrainCair\",\"url\":\"https:\/\/braincair.com\/\",\"logo\":{\"@type\":\"ImageObject\",\"inLanguage\":\"en-US\",\"@id\":\"https:\/\/braincair.com\/#\/schema\/logo\/image\/\",\"url\":\"https:\/\/braincair.com\/wp-content\/uploads\/2024\/07\/cropped-BrainCairLogotype.png\",\"contentUrl\":\"https:\/\/braincair.com\/wp-content\/uploads\/2024\/07\/cropped-BrainCairLogotype.png\",\"width\":2481,\"height\":2481,\"caption\":\"BrainCair\"},\"image\":{\"@id\":\"https:\/\/braincair.com\/#\/schema\/logo\/image\/\"},\"sameAs\":[\"https:\/\/www.facebook.com\/profile.php?id=61551929916385\",\"https:\/\/www.instagram.com\/braincair\/\",\"https:\/\/www.linkedin.com\/company\/braincair\/\"]}]}<\/script>\n<!-- \/ Yoast SEO plugin. -->","yoast_head_json":{"title":"Inscription aux ateliers de groupe - BrainCair Bruxelles","robots":{"index":"index","follow":"follow","max-snippet":"max-snippet:-1","max-image-preview":"max-image-preview:large","max-video-preview":"max-video-preview:-1"},"canonical":"https:\/\/braincair.com\/index.php\/inscription-groupes\/","og_locale":"en_US","og_type":"article","og_title":"Inscription aux ateliers de groupe - BrainCair Bruxelles","og_description":"[vc_row content_text_alignment=&#8221;center&#8221;][vc_column][vc_column_text] Merci de votre int\u00e9r\u00eat pour nos ateliers et programmes collectifs ! Ce formulaire vous permettra de : Vous inscrire, d&#8217;inscrire un enfant, un adolescent ou un parent \u00e0 l&#8217;un de nos ateliers. Exprimer vos besoins et attentes pour nous aider \u00e0 adapter au mieux nos accompagnements. Planifier un premier contact gratuit pour \u00e9valuer [&hellip;]","og_url":"https:\/\/braincair.com\/index.php\/inscription-groupes\/","og_site_name":"BrainCair","article_publisher":"https:\/\/www.facebook.com\/profile.php?id=61551929916385","article_modified_time":"2025-08-31T21:48:43+00:00","twitter_card":"summary_large_image","twitter_misc":{"Est. reading time":"1 minute"},"schema":{"@context":"https:\/\/schema.org","@graph":[{"@type":"WebPage","@id":"https:\/\/braincair.com\/index.php\/inscription-groupes\/","url":"https:\/\/braincair.com\/index.php\/inscription-groupes\/","name":"Inscription aux ateliers de groupe - BrainCair Bruxelles","isPartOf":{"@id":"https:\/\/braincair.com\/#website"},"datePublished":"2025-01-08T12:29:22+00:00","dateModified":"2025-08-31T21:48:43+00:00","breadcrumb":{"@id":"https:\/\/braincair.com\/index.php\/inscription-groupes\/#breadcrumb"},"inLanguage":"en-US","potentialAction":[{"@type":"ReadAction","target":["https:\/\/braincair.com\/index.php\/inscription-groupes\/"]}]},{"@type":"BreadcrumbList","@id":"https:\/\/braincair.com\/index.php\/inscription-groupes\/#breadcrumb","itemListElement":[{"@type":"ListItem","position":1,"name":"Home","item":"https:\/\/braincair.com\/"},{"@type":"ListItem","position":2,"name":"Inscription groupes"}]},{"@type":"WebSite","@id":"https:\/\/braincair.com\/#website","url":"https:\/\/braincair.com\/","name":"BrainCair","description":"Du myst\u00e8re de l&#039;esprit \u00e0 la maitrise de la vie","publisher":{"@id":"https:\/\/braincair.com\/#organization"},"potentialAction":[{"@type":"SearchAction","target":{"@type":"EntryPoint","urlTemplate":"https:\/\/braincair.com\/?s={search_term_string}"},"query-input":{"@type":"PropertyValueSpecification","valueRequired":true,"valueName":"search_term_string"}}],"inLanguage":"en-US"},{"@type":"Organization","@id":"https:\/\/braincair.com\/#organization","name":"BrainCair","url":"https:\/\/braincair.com\/","logo":{"@type":"ImageObject","inLanguage":"en-US","@id":"https:\/\/braincair.com\/#\/schema\/logo\/image\/","url":"https:\/\/braincair.com\/wp-content\/uploads\/2024\/07\/cropped-BrainCairLogotype.png","contentUrl":"https:\/\/braincair.com\/wp-content\/uploads\/2024\/07\/cropped-BrainCairLogotype.png","width":2481,"height":2481,"caption":"BrainCair"},"image":{"@id":"https:\/\/braincair.com\/#\/schema\/logo\/image\/"},"sameAs":["https:\/\/www.facebook.com\/profile.php?id=61551929916385","https:\/\/www.instagram.com\/braincair\/","https:\/\/www.linkedin.com\/company\/braincair\/"]}]}},"_links":{"self":[{"href":"https:\/\/braincair.com\/index.php\/wp-json\/wp\/v2\/pages\/4488","targetHints":{"allow":["GET"]}}],"collection":[{"href":"https:\/\/braincair.com\/index.php\/wp-json\/wp\/v2\/pages"}],"about":[{"href":"https:\/\/braincair.com\/index.php\/wp-json\/wp\/v2\/types\/page"}],"author":[{"embeddable":true,"href":"https:\/\/braincair.com\/index.php\/wp-json\/wp\/v2\/users\/2"}],"replies":[{"embeddable":true,"href":"https:\/\/braincair.com\/index.php\/wp-json\/wp\/v2\/comments?post=4488"}],"version-history":[{"count":11,"href":"https:\/\/braincair.com\/index.php\/wp-json\/wp\/v2\/pages\/4488\/revisions"}],"predecessor-version":[{"id":4665,"href":"https:\/\/braincair.com\/index.php\/wp-json\/wp\/v2\/pages\/4488\/revisions\/4665"}],"wp:attachment":[{"href":"https:\/\/braincair.com\/index.php\/wp-json\/wp\/v2\/media?parent=4488"}],"curies":[{"name":"wp","href":"https:\/\/api.w.org\/{rel}","templated":true}]}}